{"id":844,"date":"2014-08-06T12:29:23","date_gmt":"2014-08-06T10:29:23","guid":{"rendered":"http:\/\/orl-chu-caen.fr\/?page_id=844"},"modified":"2015-05-24T12:36:01","modified_gmt":"2015-05-24T10:36:01","slug":"liens-utiles","status":"publish","type":"page","link":"https:\/\/orl-chu-caen.fr\/?page_id=844","title":{"rendered":"LIENS UTILES"},"content":{"rendered":"<p style=\"text-align: left;\"><a href=\"http:\/\/www.chu-caen.fr\/\">www.chu-caen.fr<\/a><\/p>\n<p style=\"text-align: left;\">Liens vers le site internet du CHU de CAEN<\/p>\n<p style=\"text-align: left;\"><span style=\"color: #ffffff;\">.<\/span><\/p>\n<p style=\"text-align: left;\"><a href=\"http:\/\/ecole-de-chirurgie.fr\/\">www.ecole-de-chirurgie.fr<\/a><\/p>\n<p style=\"text-align: left;\">Liens vers le site internet de l&rsquo;Ecole de Chirurgie de Caen<\/p>\n<p style=\"text-align: left;\">.<\/p>\n<p style=\"text-align: left;\"><a href=\"http:\/\/www.conseil-national.medecin.fr\/\">www.conseil-national.medecin.fr<\/a><\/p>\n<p style=\"text-align: left;\">Liens vers le site internet du Conseil National de l&rsquo;Ordre des M\u00e9decins<\/p>\n<p style=\"text-align: left;\"><span style=\"color: #ffffff;\">.<\/span><\/p>\n<p style=\"text-align: left;\"><a href=\"http:\/\/www.sforl.com\/\">www.sforl.org<\/a><\/p>\n<p style=\"text-align: left;\">Liens vers le site internet de la Soci\u00e9t\u00e9 Fran\u00e7aise d&rsquo;Oto-Rhino-Laryngologie et de Chirurgie de la Face et du Cou<\/p>\n<p style=\"text-align: left;\"><span style=\"color: #ffffff;\">.<\/span><\/p>\n<p style=\"text-align: left;\"><a href=\"http:\/\/www.orlfrance.org\/\">www.orlfrance.org<\/a><\/p>\n<p style=\"text-align: left;\">Liens vers le site internet ORLFrance des professionnels de l&rsquo;ORL<\/p>\n<p style=\"text-align: left;\"><span style=\"color: #ffffff;\">.\u00a0<\/span><\/p>\n<p style=\"text-align: left;\"><a href=\"http:\/\/www.baclesse.fr\/\">www.baclesse.fr<\/a><\/p>\n<p style=\"text-align: left;\">Liens vers le site internet du CLCC Fran\u00e7ois BACLESSE<\/p>\n<p style=\"text-align: left;\"><span style=\"color: #ffffff;\">.<\/span><\/p>\n<p style=\"text-align: left;\"><a href=\"http:\/\/www.esbs.eu\/files\/index.php\">www.esbs.eu<\/a><\/p>\n<p style=\"text-align: left;\">Liens vers le site internet de l&rsquo;European Skull Base Society<\/p>\n<p style=\"text-align: left;\"><span style=\"color: #ffffff;\">.<\/span><\/p>\n<p style=\"text-align: left;\"><a href=\"http:\/\/www.elsoc.org\/\">www.elsoc.org<\/a><\/p>\n<p style=\"text-align: left;\">Liens vers le site internet de l&rsquo;European Laryngological Society<\/p>\n<p style=\"text-align: left;\"><span style=\"color: #ffffff;\">.<\/span><\/p>\n<p style=\"text-align: left;\"><a href=\"https:\/\/www.eafps.org\/\">www.eafps.org<\/a><\/p>\n<p style=\"text-align: left;\">Liens vers le site internet de l&rsquo;European Academy of Facial Plastic Surgery<\/p>\n","protected":false},"excerpt":{"rendered":"<p>www.chu-caen.fr Liens vers le site internet du CHU de CAEN . www.ecole-de-chirurgie.fr Liens vers le site internet de l&rsquo;Ecole de Chirurgie de Caen . www.conseil-national.medecin.fr Liens vers le site internet du Conseil National de l&rsquo;Ordre des M\u00e9decins . www.sforl.org Liens vers le site internet de la Soci\u00e9t\u00e9 Fran\u00e7aise d&rsquo;Oto-Rhino-Laryngologie et de Chirurgie de la Face [&hellip;]<\/p>\n","protected":false},"author":1,"featured_media":0,"parent":0,"menu_order":0,"comment_status":"closed","ping_status":"open","template":"","meta":{"_et_pb_use_builder":"","_et_pb_old_content":"","_et_gb_content_width":"","ngg_post_thumbnail":0,"footnotes":""},"aioseo_notices":[],"_links":{"self":[{"href":"https:\/\/orl-chu-caen.fr\/index.php?rest_route=\/wp\/v2\/pages\/844"}],"collection":[{"href":"https:\/\/orl-chu-caen.fr\/index.php?rest_route=\/wp\/v2\/pages"}],"about":[{"href":"https:\/\/orl-chu-caen.fr\/index.php?rest_route=\/wp\/v2\/types\/page"}],"author":[{"embeddable":true,"href":"https:\/\/orl-chu-caen.fr\/index.php?rest_route=\/wp\/v2\/users\/1"}],"replies":[{"embeddable":true,"href":"https:\/\/orl-chu-caen.fr\/index.php?rest_route=%2Fwp%2Fv2%2Fcomments&post=844"}],"version-history":[{"count":20,"href":"https:\/\/orl-chu-caen.fr\/index.php?rest_route=\/wp\/v2\/pages\/844\/revisions"}],"predecessor-version":[{"id":1449,"href":"https:\/\/orl-chu-caen.fr\/index.php?rest_route=\/wp\/v2\/pages\/844\/revisions\/1449"}],"wp:attachment":[{"href":"https:\/\/orl-chu-caen.fr\/index.php?rest_route=%2Fwp%2Fv2%2Fmedia&parent=844"}],"curies":[{"name":"wp","href":"https:\/\/api.w.org\/{rel}","templated":true}]}}