{"id":824,"date":"2014-08-05T13:57:20","date_gmt":"2014-08-05T11:57:20","guid":{"rendered":"http:\/\/orl-chu-caen.fr\/?page_id=824"},"modified":"2014-11-09T16:05:57","modified_gmt":"2014-11-09T14:05:57","slug":"se-rendre-au-chu","status":"publish","type":"page","link":"https:\/\/orl-chu-caen.fr\/?page_id=824","title":{"rendered":"SE RENDRE AU CHU"},"content":{"rendered":"<h3><span style=\"text-decoration: underline;\">Par la route<\/span><\/h3>\n<p>A partir du p\u00e9riph\u00e9rique Nord, sortir \u00e0 la sortie N\u00b05 \u00ab Douvres-La D\u00e9livrande, Courseulles-sur-mer, CHU \u00bb, puis suivre les panneaux en direction du CHU qui se trouve sur votre droite apr\u00e8s la sortie.<br \/>\nLe parking Ouest est le plus proche de l\u2019entr\u00e9e principale du CHU.<\/p>\n<address><a href=\"https:\/\/orl-chu-caen.fr\/wp-content\/uploads\/2014\/08\/CDN_PLAN.pdf\">Plan du CHU<\/a><\/address>\n<address><a href=\"http:\/\/www.chu-caen.fr\/page.php?famille=2&amp;idpage=141\">Le stationnement au CHU<\/a><\/address>\n<address><span style=\"color: #ffffff;\">.<\/span><\/address>\n<address><span style=\"color: #ffffff;\">.<\/span><\/address>\n<h3><span style=\"text-decoration: underline;\">Par le Tramway<\/span><\/h3>\n<p>Prenez la ligne A, et arr\u00eatez-vous \u00e0 l\u2019arr\u00eat \u00ab\u00a0CHU\u00a0\u00bb.<br \/>\nL\u2019entr\u00e9e principale du CHU se trouve 50 m\u00e8tres devant vous.<\/p>\n<address><a href=\"https:\/\/orl-chu-caen.fr\/wp-content\/uploads\/2014\/08\/TRAM_PLAN.pdf\">Plan du Tramway<\/a><\/address>\n<address><span style=\"color: #ffffff;\">.<\/span><\/address>\n<address><span style=\"color: #ffffff;\">.<\/span><\/address>\n<h3><span style=\"text-decoration: underline;\">Par le Bus<\/span><\/h3>\n<p>Prenez la ligne 14 et arr\u00eatez vous \u00e0 l&rsquo;arr\u00eat \u00ab\u00a0CHU\u00a0\u00bb.<\/p>\n<p>L\u2019entr\u00e9e principale du CHU se trouve 50 m\u00e8tres devant vous.<\/p>\n<address><a href=\"https:\/\/orl-chu-caen.fr\/wp-content\/uploads\/2014\/08\/PLAN-TWISTO.pdf\">Plan du Bus<\/a><\/address>\n<p>&nbsp;<\/p>\n<p>[gmap width=\u00a0\u00bb600&Prime; height=\u00a0\u00bb400&Prime; address=\u00a0\u00bbCHU DE CAEN\u00a0\u00bb]<\/p>\n","protected":false},"excerpt":{"rendered":"<p>Par la route A partir du p\u00e9riph\u00e9rique Nord, sortir \u00e0 la sortie N\u00b05 \u00ab Douvres-La D\u00e9livrande, Courseulles-sur-mer, CHU \u00bb, puis suivre les panneaux en direction du CHU qui se trouve sur votre droite apr\u00e8s la sortie. Le parking Ouest est le plus proche de l\u2019entr\u00e9e principale du CHU. Plan du CHU Le stationnement au CHU [&hellip;]<\/p>\n","protected":false},"author":1,"featured_media":0,"parent":0,"menu_order":0,"comment_status":"closed","ping_status":"open","template":"","meta":{"_et_pb_use_builder":"","_et_pb_old_content":"","_et_gb_content_width":"","ngg_post_thumbnail":0,"footnotes":""},"aioseo_notices":[],"_links":{"self":[{"href":"https:\/\/orl-chu-caen.fr\/index.php?rest_route=\/wp\/v2\/pages\/824"}],"collection":[{"href":"https:\/\/orl-chu-caen.fr\/index.php?rest_route=\/wp\/v2\/pages"}],"about":[{"href":"https:\/\/orl-chu-caen.fr\/index.php?rest_route=\/wp\/v2\/types\/page"}],"author":[{"embeddable":true,"href":"https:\/\/orl-chu-caen.fr\/index.php?rest_route=\/wp\/v2\/users\/1"}],"replies":[{"embeddable":true,"href":"https:\/\/orl-chu-caen.fr\/index.php?rest_route=%2Fwp%2Fv2%2Fcomments&post=824"}],"version-history":[{"count":13,"href":"https:\/\/orl-chu-caen.fr\/index.php?rest_route=\/wp\/v2\/pages\/824\/revisions"}],"predecessor-version":[{"id":1355,"href":"https:\/\/orl-chu-caen.fr\/index.php?rest_route=\/wp\/v2\/pages\/824\/revisions\/1355"}],"wp:attachment":[{"href":"https:\/\/orl-chu-caen.fr\/index.php?rest_route=%2Fwp%2Fv2%2Fmedia&parent=824"}],"curies":[{"name":"wp","href":"https:\/\/api.w.org\/{rel}","templated":true}]}}