{"id":750,"date":"2014-08-03T20:31:01","date_gmt":"2014-08-03T18:31:01","guid":{"rendered":"http:\/\/orl-chu-caen.fr\/?page_id=750"},"modified":"2024-08-01T06:30:45","modified_gmt":"2024-08-01T04:30:45","slug":"thyroide-et-parathyroides","status":"publish","type":"page","link":"https:\/\/orl-chu-caen.fr\/?page_id=750","title":{"rendered":"Thyro\u00efde et Parathyro\u00efdes"},"content":{"rendered":"<p>[et_pb_section fb_built=\u00a0\u00bb1&Prime; fullwidth=\u00a0\u00bbon\u00a0\u00bb _builder_version=\u00a0\u00bb4.24.2&Prime; _module_preset=\u00a0\u00bbdefault\u00a0\u00bb global_colors_info=\u00a0\u00bb{}\u00a0\u00bb][et_pb_fullwidth_header title=\u00a0\u00bbThyro\u00efdes et parathyro\u00efdes\u00a0\u00bb text_orientation=\u00a0\u00bbcenter\u00a0\u00bb _builder_version=\u00a0\u00bb4.24.2&Prime; _module_preset=\u00a0\u00bbdefault\u00a0\u00bb title_font=\u00a0\u00bbAbel||||||||\u00a0\u00bb title_font_size=\u00a0\u00bb45px\u00a0\u00bb background_color=\u00a0\u00bb#17547a\u00a0\u00bb global_colors_info=\u00a0\u00bb{}\u00a0\u00bb]<\/p>\n<h2 style=\"text-align: center;\">Chirurgie Cervico-Faciale et Canc\u00e9rologique<\/h2>\n<p>[\/et_pb_fullwidth_header][\/et_pb_section][et_pb_section fb_built=\u00a0\u00bb1&Prime; fullwidth=\u00a0\u00bbon\u00a0\u00bb _builder_version=\u00a0\u00bb4.24.2&Prime; _module_preset=\u00a0\u00bbdefault\u00a0\u00bb global_colors_info=\u00a0\u00bb{}\u00a0\u00bb][et_pb_fullwidth_image src=\u00a0\u00bbhttps:\/\/orl-chu-caen.fr\/wp-content\/uploads\/2024\/08\/thyroide-scaled.jpg\u00a0\u00bb title_text=\u00a0\u00bbthyroide\u00a0\u00bb _builder_version=\u00a0\u00bb4.24.2&Prime; _module_preset=\u00a0\u00bbdefault\u00a0\u00bb hover_enabled=\u00a0\u00bb0&Prime; global_colors_info=\u00a0\u00bb{}\u00a0\u00bb custom_padding=\u00a0\u00bb||0px|||\u00a0\u00bb min_height=\u00a0\u00bb526.3px\u00a0\u00bb height=\u00a0\u00bb881px\u00a0\u00bb sticky_enabled=\u00a0\u00bb0&Prime; custom_margin=\u00a0\u00bb||-201px|||\u00a0\u00bb][\/et_pb_fullwidth_image][\/et_pb_section][et_pb_section fb_built=\u00a0\u00bb1&Prime; admin_label=\u00a0\u00bbsection\u00a0\u00bb _builder_version=\u00a0\u00bb4.16&Prime; global_colors_info=\u00a0\u00bb{}\u00a0\u00bb][et_pb_row admin_label=\u00a0\u00bbrow\u00a0\u00bb _builder_version=\u00a0\u00bb4.16&Prime; background_size=\u00a0\u00bbinitial\u00a0\u00bb background_position=\u00a0\u00bbtop_left\u00a0\u00bb background_repeat=\u00a0\u00bbrepeat\u00a0\u00bb global_colors_info=\u00a0\u00bb{}\u00a0\u00bb][et_pb_column type=\u00a0\u00bb4_4&Prime; _builder_version=\u00a0\u00bb4.16&Prime; custom_padding=\u00a0\u00bb|||\u00a0\u00bb global_colors_info=\u00a0\u00bb{}\u00a0\u00bb custom_padding__hover=\u00a0\u00bb|||\u00a0\u00bb][et_pb_text admin_label=\u00a0\u00bbText\u00a0\u00bb _builder_version=\u00a0\u00bb4.16&Prime; background_size=\u00a0\u00bbinitial\u00a0\u00bb background_position=\u00a0\u00bbtop_left\u00a0\u00bb background_repeat=\u00a0\u00bbrepeat\u00a0\u00bb global_colors_info=\u00a0\u00bb{}\u00a0\u00bb]<\/p>\n<h2><span style=\"color: #0f4881;\">Pathologies chirurgicales des glandes thyro\u00efde et parathyro\u00efdes<\/span><\/h2>\n<p>Responsable: <a href=\"https:\/\/orl-chu-caen.fr\/?page_id=4592\">Pr. Emmanuel BABIN<\/a><\/p>\n<p><span style=\"color: #ffffff;\">.<\/span><\/p>\n<p>Le Service d\u2019ORL travaille en \u00e9troite collaboration avec le service d\u2019endocrinologie du CHU de Caen ainsi qu\u2019avec les service de m\u00e9decine nucl\u00e9aire du CHU de Caen et du CLCC Fran\u00e7ois BACLESSE, notamment au sein de la RCP d\u2019Oncologie thyro\u00efdienne hebdomadaire.<br \/>Principales pathologies prises en charge.<\/p>\n<p><span style=\"color: #ffffff;\">.<\/span><\/p>\n<p>Glande thyro\u00efde : nodules, goitres, hyperthyro\u00efdies, cancers<br \/>\u2022 Nodule(s) de la glande thyro\u00efde (nodule froid, nodule chaud)<br \/>\u2022 Hyperthyro\u00efdie<br \/>&#8211; Maladie de Basedow<br \/>&#8211; Go\u00eetre hyperthyro\u00efdien<br \/>&#8211; Nodule toxique (nodule chaud)<br \/>\u2022 Go\u00eetre multi-nodulaire<br \/>\u2022 Thyro\u00efdite<br \/>\u2022 Cancer(s)<br \/>&#8211; Cancers papillaires et cancers v\u00e9siculaires<br \/>&#8211; Cancers m\u00e9dullaires<br \/>&#8211; Autres cancers<\/p>\n<p><span style=\"color: #ffffff;\">.<\/span><\/p>\n<p>Glandes parathyro\u00efde :<br \/>\u2022 Hyperparathyro\u00efdies<br \/>&#8211; Hyperparathyro\u00efdie primaire : ad\u00e9nome, hyperplasie, cancer<br \/>&#8211; Hyperparathyro\u00efdie secondaire et tertiaire<\/p>\n<p><span style=\"color: #ffffff;\">.<\/span><\/p>\n<h2><span style=\"color: #0f4881;\">Chirurgiens sp\u00e9cialis\u00e9s<\/span><\/h2>\n<p><span style=\"color: #0f4881;\"><\/span><\/p>\n<p><a href=\"https:\/\/orl-chu-caen.fr\/?page_id=4592\">Pr. Emmanuel BABIN<\/a><\/p>\n<p><a href=\"https:\/\/orl-chu-caen.fr\/?page_id=4614\">Dr. Vianney BASTIT<\/a><\/p>\n<p><a href=\"https:\/\/orl-chu-caen.fr\/?page_id=4588\">Dr Maxime HUMBERT<\/a><\/p>\n<p><a href=\"https:\/\/orl-chu-caen.fr\/?page_id=4584\">Dr Marjorie LOAEC<\/a><\/p>\n<p><a href=\"https:\/\/orl-chu-caen.fr\/?page_id=4596\">Dr Emmanuel MICAULT<\/a><\/p>\n<p>&nbsp;<\/p>\n<a href='https:\/\/orl-chu-caen.fr\/?page_id=3018' class='small-button small#193f54'>Articles du service sur la pathologie thyroidienne<\/a>\n<p>&nbsp;<\/p>\n<p>[\/et_pb_text][\/et_pb_column][\/et_pb_row][\/et_pb_section][et_pb_section fb_built=\u00a0\u00bb1&Prime; fullwidth=\u00a0\u00bbon\u00a0\u00bb _builder_version=\u00a0\u00bb4.24.2&Prime; _module_preset=\u00a0\u00bbdefault\u00a0\u00bb global_colors_info=\u00a0\u00bb{}\u00a0\u00bb][et_pb_fullwidth_menu _builder_version=\u00a0\u00bb4.24.2&Prime; _module_preset=\u00a0\u00bbdefault\u00a0\u00bb global_colors_info=\u00a0\u00bb{}\u00a0\u00bb][\/et_pb_fullwidth_menu][\/et_pb_section]<\/p>\n","protected":false},"excerpt":{"rendered":"<p>Chirurgie Cervico-Faciale et Canc\u00e9rologiquePathologies chirurgicales des glandes thyro\u00efde et parathyro\u00efdes Responsable: Pr. Emmanuel BABIN . Le Service d\u2019ORL travaille en \u00e9troite collaboration avec le service d\u2019endocrinologie du CHU de Caen ainsi qu\u2019avec les service de m\u00e9decine nucl\u00e9aire du CHU de Caen et du CLCC Fran\u00e7ois BACLESSE, notamment au sein de la RCP d\u2019Oncologie thyro\u00efdienne hebdomadaire.Principales [&hellip;]<\/p>\n","protected":false},"author":1,"featured_media":0,"parent":729,"menu_order":0,"comment_status":"closed","ping_status":"open","template":"","meta":{"_et_pb_use_builder":"on","_et_pb_old_content":"<h2>Pathologies chirurgicales des glandes thyro\u00efde et parathyro\u00efdes<\/h2>\nResponsable :<a href=\"https:\/\/orl-chu-caen.fr\/?page_id=4592\">Pr. Emmanuel BABIN<\/a>\n\n<span style=\"color: #ffffff;\">.<\/span>\n\nLe Service d\u2019ORL travaille en \u00e9troite collaboration avec le service d\u2019endocrinologie du CHU de Caen ainsi qu\u2019avec les service de m\u00e9decine nucl\u00e9aire du CHU de Caen et du CLCC Fran\u00e7ois BACLESSE, notamment au sein de la RCP d\u2019Oncologie thyro\u00efdienne hebdomadaire.\nPrincipales pathologies prises en charge.\n\n<span style=\"color: #ffffff;\">.<\/span>\n\nGlande thyro\u00efde : nodules, goitres, hyperthyro\u00efdies, cancers\n\u2022 Nodule(s) de la glande thyro\u00efde (nodule froid, nodule chaud)\n\u2022 Hyperthyro\u00efdie\n- Maladie de Basedow\n- Go\u00eetre hyperthyro\u00efdien\n- Nodule toxique (nodule chaud)\n\u2022 Go\u00eetre multi-nodulaire\n\u2022 Thyro\u00efdite\n\u2022 Cancer(s)\n- Cancers papillaires et cancers v\u00e9siculaires\n- Cancers m\u00e9dullaires\n- Autres cancers\n\n<span style=\"color: #ffffff;\">.<\/span>\n\nGlandes parathyro\u00efde :\n\u2022 Hyperparathyro\u00efdies\n- Hyperparathyro\u00efdie primaire : ad\u00e9nome, hyperplasie, cancer\n- Hyperparathyro\u00efdie secondaire et tertiaire\n\n<span style=\"color: #ffffff;\">.<\/span>\n<h2>Chirurgiens sp\u00e9cialis\u00e9s<\/h2>\n<a href=\"https:\/\/orl-chu-caen.fr\/?page_id=4592\">Pr. Emmanuel BABIN<\/a>\n\n<a href=\"https:\/\/orl-chu-caen.fr\/?page_id=4614\">Dr. Vianney BASTIT<\/a>\n\n<a href=\"https:\/\/orl-chu-caen.fr\/?page_id=4588\">Dr Maxime HUMBERT<\/a>\n\n<a href=\"https:\/\/orl-chu-caen.fr\/?page_id=4584\">Dr Marjorie LOAEC<\/a>\n\n<a href=\"https:\/\/orl-chu-caen.fr\/?page_id=4596\">Dr Emmanuel MICAULT<\/a>\n\n&nbsp;\n\n[button link=\"http:\/\/orl-chu-caen.fr\/?page_id=3018\" color=\"#193f54\" size=\"4\" style=\"1\" radius=\"5\" target=\"self\"]Articles du service sur la pathologie thyroidienne[\/button]\n\n&nbsp;\n\n&nbsp;","_et_gb_content_width":"","ngg_post_thumbnail":0,"footnotes":""},"aioseo_notices":[],"_links":{"self":[{"href":"https:\/\/orl-chu-caen.fr\/index.php?rest_route=\/wp\/v2\/pages\/750"}],"collection":[{"href":"https:\/\/orl-chu-caen.fr\/index.php?rest_route=\/wp\/v2\/pages"}],"about":[{"href":"https:\/\/orl-chu-caen.fr\/index.php?rest_route=\/wp\/v2\/types\/page"}],"author":[{"embeddable":true,"href":"https:\/\/orl-chu-caen.fr\/index.php?rest_route=\/wp\/v2\/users\/1"}],"replies":[{"embeddable":true,"href":"https:\/\/orl-chu-caen.fr\/index.php?rest_route=%2Fwp%2Fv2%2Fcomments&post=750"}],"version-history":[{"count":28,"href":"https:\/\/orl-chu-caen.fr\/index.php?rest_route=\/wp\/v2\/pages\/750\/revisions"}],"predecessor-version":[{"id":5625,"href":"https:\/\/orl-chu-caen.fr\/index.php?rest_route=\/wp\/v2\/pages\/750\/revisions\/5625"}],"up":[{"embeddable":true,"href":"https:\/\/orl-chu-caen.fr\/index.php?rest_route=\/wp\/v2\/pages\/729"}],"wp:attachment":[{"href":"https:\/\/orl-chu-caen.fr\/index.php?rest_route=%2Fwp%2Fv2%2Fmedia&parent=750"}],"curies":[{"name":"wp","href":"https:\/\/api.w.org\/{rel}","templated":true}]}}