{"id":73,"date":"2014-07-20T16:03:53","date_gmt":"2014-07-20T16:03:53","guid":{"rendered":"http:\/\/orl-chu-caen.fr\/?page_id=73"},"modified":"2024-07-27T23:45:56","modified_gmt":"2024-07-27T21:45:56","slug":"unite-inserm-eb","status":"publish","type":"page","link":"https:\/\/orl-chu-caen.fr\/?page_id=73","title":{"rendered":"UNITE INSERM U1086 ANTICIPE  \u00ab\u00a0CANCERS ET PREVENTIONS\u00a0\u00bb"},"content":{"rendered":"<p>[et_pb_section fb_built=\u00a0\u00bb1&Prime; fullwidth=\u00a0\u00bbon\u00a0\u00bb _builder_version=\u00a0\u00bb4.24.2&Prime; _module_preset=\u00a0\u00bbdefault\u00a0\u00bb global_colors_info=\u00a0\u00bb{}\u00a0\u00bb][et_pb_fullwidth_header title=\u00a0\u00bbINSERM U1086 ANTICIPE\u00a0\u00bb subhead=\u00a0\u00bbUnit\u00e9 de Recherche Interdisciplinaire pour la Pr\u00e9vention et le Traitement des Cancers\u00a0\u00bb _builder_version=\u00a0\u00bb4.24.2&Prime; _module_preset=\u00a0\u00bbdefault\u00a0\u00bb title_font=\u00a0\u00bbAbel||||||||\u00a0\u00bb title_text_align=\u00a0\u00bbcenter\u00a0\u00bb title_font_size=\u00a0\u00bb42px\u00a0\u00bb subhead_font=\u00a0\u00bbAbel||||||||\u00a0\u00bb subhead_text_align=\u00a0\u00bbcenter\u00a0\u00bb subhead_font_size=\u00a0\u00bb25px\u00a0\u00bb background_color=\u00a0\u00bb#17547a\u00a0\u00bb global_colors_info=\u00a0\u00bb{}\u00a0\u00bb][\/et_pb_fullwidth_header][\/et_pb_section][et_pb_section fb_built=\u00a0\u00bb1&Prime; admin_label=\u00a0\u00bbsection\u00a0\u00bb _builder_version=\u00a0\u00bb4.16&Prime; global_colors_info=\u00a0\u00bb{}\u00a0\u00bb][et_pb_row admin_label=\u00a0\u00bbrow\u00a0\u00bb _builder_version=\u00a0\u00bb4.16&Prime; background_size=\u00a0\u00bbinitial\u00a0\u00bb background_position=\u00a0\u00bbtop_left\u00a0\u00bb background_repeat=\u00a0\u00bbrepeat\u00a0\u00bb global_colors_info=\u00a0\u00bb{}\u00a0\u00bb][et_pb_column type=\u00a0\u00bb4_4&Prime; _builder_version=\u00a0\u00bb4.16&Prime; custom_padding=\u00a0\u00bb|||\u00a0\u00bb global_colors_info=\u00a0\u00bb{}\u00a0\u00bb custom_padding__hover=\u00a0\u00bb|||\u00a0\u00bb][et_pb_text admin_label=\u00a0\u00bbText\u00a0\u00bb _builder_version=\u00a0\u00bb4.16&Prime; background_size=\u00a0\u00bbinitial\u00a0\u00bb background_position=\u00a0\u00bbtop_left\u00a0\u00bb background_repeat=\u00a0\u00bbrepeat\u00a0\u00bb custom_padding=\u00a0\u00bb10px|||||\u00a0\u00bb global_colors_info=\u00a0\u00bb{}\u00a0\u00bb]<\/p>\n<p style=\"text-align: justify;\">L\u2019objectif g\u00e9n\u00e9ral de l\u2019unit\u00e9<a href=\"https:\/\/anticipe.eu\/\"> INSERM U1086 ANTICIPE<\/a> est d\u2019am\u00e9liorer les connaissances des facteurs individuels et collectifs qui d\u00e9terminent la survenue, la prise en charge et le pronostic des cancers.<br \/>L\u2019ensemble des \u00e9tudes de l\u2019unit\u00e9 vise \u00e0 am\u00e9liorer la pr\u00e9vention des cancers et leur d\u00e9pistage ainsi que la prise en charge et la qualit\u00e9 de vie des personnes ayant eu un cancer.<br \/>L\u2019unit\u00e9 INSERM U1086 est organis\u00e9e autour de 4 th\u00e8mes de recherche :<br \/>1. Facteurs de risque professionnels et environnementaux des cancers avec une attention particuli\u00e8re pour les expositions \u00e0 l\u2019amiante et aux pesticides<br \/>2. D\u00e9pistage des cancers avec une attention particuli\u00e8re pour le cancer colorectal, le cancer du poumon et le cancer de la prostate<br \/>3. Qualit\u00e9 de vie des personnes ayant eu un cancer avec une attention particuli\u00e8re sur les fonctions cognitives<br \/>4. In\u00e9galit\u00e9s sociales du risque de cancer et de la survie des patients atteints de cancer<br \/>Dans tous ces th\u00e8mes, l\u2019unit\u00e9 d\u00e9veloppe des approches multidisciplinaires pour r\u00e9pondre aux grands probl\u00e8mes de sant\u00e9 publique et cherche \u00e0 proposer des programmes de pr\u00e9vention (primaire, secondaire ou tertiaire) ou de r\u00e9duction des in\u00e9galit\u00e9s sociales fond\u00e9es sur des preuves scientifiques. Elle traite non seulement les aspects m\u00e9dicaux mais \u00e9galement les aspects psychologiques, sociaux et \u00e9conomiques de la pr\u00e9vention, du d\u00e9pistage et du traitement des cancers<br \/>L\u2019unit\u00e9 r\u00e9unit une quinzaine d\u2019enseignants chercheurs de l\u2019universit\u00e9 de Caen et de Lille, des praticiens hospitaliers du CHU de Caen et du Centre R\u00e9gional de Lutte contre le Cancer Fran\u00e7ois Baclesse et une vingtaine d\u2019ing\u00e9nieurs et de techniciens dont la plupart sont contractuels. Elle f\u00e9d\u00e8re \u00e9galement l\u2019activit\u00e9 de recherche d\u00e9velopp\u00e9e dans trois registres de cancer : le registre g\u00e9n\u00e9ral des cancers du Calvados (Centre Fran\u00e7ois Baclesse), le registre sp\u00e9cialis\u00e9 des tumeurs digestives du Calvados (CHU Caen) et le registre multicentrique des m\u00e9soth\u00e9liomes (CHU Caen).<br \/>L\u2019unit\u00e9 est tr\u00e8s fortement impliqu\u00e9e dans l\u2019animation scientifique et dans la structuration du canc\u00e9ropole Nord-Ouest (CNO). Au niveau national, elle entretient des liens tr\u00e8s \u00e9troits avec plusieurs r\u00e9seaux, dont FRANCIM, le r\u00e9seau national des registres de cancer, et travaille de mani\u00e8re interactive avec l\u2019INCa et la HAS. Au-del\u00e0 de ses missions d\u2019expertise, l\u2019\u00e9quipe est impliqu\u00e9e dans la r\u00e9flexion nationale sur l\u2019organisation du d\u00e9pistage des cancers et la r\u00e9duction des in\u00e9galit\u00e9s sociales de sant\u00e9. Dans ce dernier domaine, l\u2019unit\u00e9 met en place actuellement un r\u00e9seau europ\u00e9en qui vise \u00e0 mesurer les in\u00e9galit\u00e9s sociales en terme d\u2019incidence et de survie de mani\u00e8re comparable dans tous les pays de la communaut\u00e9 europ\u00e9enne.<br \/>A titre indicatif, sur les 4 derni\u00e8res ann\u00e9es, l\u2019unit\u00e9 a obtenu 33 financements sur appel d\u2019offre national ou internationale et a publi\u00e9 179 articles originaux dans des revues internationales \u00e0 comit\u00e9 de lecture.<\/p>\n<p>&nbsp;<\/p>\n<p>&nbsp;<\/p>\n<p>Acc\u00e9dez au site de<a href=\"https:\/\/anticipe.eu\/\"> l&rsquo;unit\u00e9 INSERM U1086 ANTICIPE<\/a><\/p>\n<p>&nbsp;<\/p>\n<p>[\/et_pb_text][\/et_pb_column][\/et_pb_row][\/et_pb_section]<\/p>\n","protected":false},"excerpt":{"rendered":"<p>L\u2019objectif g\u00e9n\u00e9ral de l\u2019unit\u00e9 INSERM U1086 ANTICIPE est d\u2019am\u00e9liorer les connaissances des facteurs individuels et collectifs qui d\u00e9terminent la survenue, la prise en charge et le pronostic des cancers.L\u2019ensemble des \u00e9tudes de l\u2019unit\u00e9 vise \u00e0 am\u00e9liorer la pr\u00e9vention des cancers et leur d\u00e9pistage ainsi que la prise en charge et la qualit\u00e9 de vie des [&hellip;]<\/p>\n","protected":false},"author":1,"featured_media":0,"parent":38,"menu_order":2,"comment_status":"closed","ping_status":"open","template":"","meta":{"_et_pb_use_builder":"on","_et_pb_old_content":"<p style=\"text-align: justify;\">L\u2019objectif g\u00e9n\u00e9ral de l\u2019unit\u00e9 <a href=\"https:\/\/anticipe.eu\/\">INSERM U1086 ANTICIPE<\/a> est d\u2019am\u00e9liorer les connaissances des facteurs individuels et collectifs qui d\u00e9terminent la survenue, la prise en charge et le pronostic des cancers.\r\nL\u2019ensemble des \u00e9tudes de l\u2019unit\u00e9 vise \u00e0 am\u00e9liorer la pr\u00e9vention des cancers et leur d\u00e9pistage ainsi que la prise en charge et la qualit\u00e9 de vie des personnes ayant eu un cancer.\r\nL\u2019unit\u00e9 INSERM U1086 est organis\u00e9e autour de 4 th\u00e8mes de recherche :\r\n1. Facteurs de risque professionnels et environnementaux des cancers avec une attention particuli\u00e8re pour les expositions \u00e0 l\u2019amiante et aux pesticides\r\n2. D\u00e9pistage des cancers avec une attention particuli\u00e8re pour le cancer colorectal, le cancer du poumon et le cancer de la prostate\r\n3. Qualit\u00e9 de vie des personnes ayant eu un cancer avec une attention particuli\u00e8re sur les fonctions cognitives\r\n4. In\u00e9galit\u00e9s sociales du risque de cancer et de la survie des patients atteints de cancer\r\nDans tous ces th\u00e8mes, l\u2019unit\u00e9 d\u00e9veloppe des approches multidisciplinaires pour r\u00e9pondre aux grands probl\u00e8mes de sant\u00e9 publique et cherche \u00e0 proposer des programmes de pr\u00e9vention (primaire, secondaire ou tertiaire) ou de r\u00e9duction des in\u00e9galit\u00e9s sociales fond\u00e9es sur des preuves scientifiques. Elle traite non seulement les aspects m\u00e9dicaux mais \u00e9galement les aspects psychologiques, sociaux et \u00e9conomiques de la pr\u00e9vention, du d\u00e9pistage et du traitement des cancers\r\nL\u2019unit\u00e9 r\u00e9unit une quinzaine d\u2019enseignants chercheurs de l\u2019universit\u00e9 de Caen et de Lille, des praticiens hospitaliers du CHU de Caen et du Centre R\u00e9gional de Lutte contre le Cancer Fran\u00e7ois Baclesse et une vingtaine d\u2019ing\u00e9nieurs et de techniciens dont la plupart sont contractuels. Elle f\u00e9d\u00e8re \u00e9galement l\u2019activit\u00e9 de recherche d\u00e9velopp\u00e9e dans trois registres de cancer : le registre g\u00e9n\u00e9ral des cancers du Calvados (Centre Fran\u00e7ois Baclesse), le registre sp\u00e9cialis\u00e9 des tumeurs digestives du Calvados (CHU Caen) et le registre multicentrique des m\u00e9soth\u00e9liomes (CHU Caen).\r\nL\u2019unit\u00e9 est tr\u00e8s fortement impliqu\u00e9e dans l\u2019animation scientifique et dans la structuration du canc\u00e9ropole Nord-Ouest (CNO). Au niveau national, elle entretient des liens tr\u00e8s \u00e9troits avec plusieurs r\u00e9seaux, dont FRANCIM, le r\u00e9seau national des registres de cancer, et travaille de mani\u00e8re interactive avec l\u2019INCa et la HAS. Au-del\u00e0 de ses missions d\u2019expertise, l\u2019\u00e9quipe est impliqu\u00e9e dans la r\u00e9flexion nationale sur l\u2019organisation du d\u00e9pistage des cancers et la r\u00e9duction des in\u00e9galit\u00e9s sociales de sant\u00e9. Dans ce dernier domaine, l\u2019unit\u00e9 met en place actuellement un r\u00e9seau europ\u00e9en qui vise \u00e0 mesurer les in\u00e9galit\u00e9s sociales en terme d\u2019incidence et de survie de mani\u00e8re comparable dans tous les pays de la communaut\u00e9 europ\u00e9enne.\r\nA titre indicatif, sur les 4 derni\u00e8res ann\u00e9es, l\u2019unit\u00e9 a obtenu 33 financements sur appel d\u2019offre national ou internationale et a publi\u00e9 179 articles originaux dans des revues internationales \u00e0 comit\u00e9 de lecture.<\/p>\r\n&nbsp;\r\n\r\n&nbsp;\r\n\r\nAcc\u00e9dez au site de <a href=\"https:\/\/anticipe.eu\/\">l'unit\u00e9 INSERM U1086 ANTICIPE<\/a>\r\n\r\n&nbsp;","_et_gb_content_width":"","ngg_post_thumbnail":0,"footnotes":""},"aioseo_notices":[],"_links":{"self":[{"href":"https:\/\/orl-chu-caen.fr\/index.php?rest_route=\/wp\/v2\/pages\/73"}],"collection":[{"href":"https:\/\/orl-chu-caen.fr\/index.php?rest_route=\/wp\/v2\/pages"}],"about":[{"href":"https:\/\/orl-chu-caen.fr\/index.php?rest_route=\/wp\/v2\/types\/page"}],"author":[{"embeddable":true,"href":"https:\/\/orl-chu-caen.fr\/index.php?rest_route=\/wp\/v2\/users\/1"}],"replies":[{"embeddable":true,"href":"https:\/\/orl-chu-caen.fr\/index.php?rest_route=%2Fwp%2Fv2%2Fcomments&post=73"}],"version-history":[{"count":13,"href":"https:\/\/orl-chu-caen.fr\/index.php?rest_route=\/wp\/v2\/pages\/73\/revisions"}],"predecessor-version":[{"id":5404,"href":"https:\/\/orl-chu-caen.fr\/index.php?rest_route=\/wp\/v2\/pages\/73\/revisions\/5404"}],"up":[{"embeddable":true,"href":"https:\/\/orl-chu-caen.fr\/index.php?rest_route=\/wp\/v2\/pages\/38"}],"wp:attachment":[{"href":"https:\/\/orl-chu-caen.fr\/index.php?rest_route=%2Fwp%2Fv2%2Fmedia&parent=73"}],"curies":[{"name":"wp","href":"https:\/\/api.w.org\/{rel}","templated":true}]}}