{"id":696,"date":"2014-08-03T17:07:09","date_gmt":"2014-08-03T15:07:09","guid":{"rendered":"http:\/\/orl-chu-caen.fr\/?page_id=696"},"modified":"2024-08-21T18:49:40","modified_gmt":"2024-08-21T16:49:40","slug":"les-orthophonistes","status":"publish","type":"page","link":"https:\/\/orl-chu-caen.fr\/?page_id=696","title":{"rendered":"LES ORTHOPHONISTES"},"content":{"rendered":"<p>[et_pb_section fb_built=\u00a0\u00bb1&Prime; admin_label=\u00a0\u00bbsection\u00a0\u00bb _builder_version=\u00a0\u00bb4.16&Prime; global_colors_info=\u00a0\u00bb{}\u00a0\u00bb][et_pb_row column_structure=\u00a0\u00bb2_3,1_3&Prime; admin_label=\u00a0\u00bbrow\u00a0\u00bb _builder_version=\u00a0\u00bb4.24.2&Prime; background_size=\u00a0\u00bbinitial\u00a0\u00bb background_position=\u00a0\u00bbtop_left\u00a0\u00bb background_repeat=\u00a0\u00bbrepeat\u00a0\u00bb box_shadow_style=\u00a0\u00bbpreset1&Prime; global_colors_info=\u00a0\u00bb{}\u00a0\u00bb][et_pb_column type=\u00a0\u00bb2_3&Prime; _builder_version=\u00a0\u00bb4.16&Prime; custom_padding=\u00a0\u00bb|||\u00a0\u00bb global_colors_info=\u00a0\u00bb{}\u00a0\u00bb custom_padding__hover=\u00a0\u00bb|||\u00a0\u00bb][et_pb_text admin_label=\u00a0\u00bbText\u00a0\u00bb _builder_version=\u00a0\u00bb4.24.2&Prime; background_size=\u00a0\u00bbinitial\u00a0\u00bb background_position=\u00a0\u00bbtop_left\u00a0\u00bb background_repeat=\u00a0\u00bbrepeat\u00a0\u00bb border_width_all=\u00a0\u00bb12px\u00a0\u00bb border_color_all=\u00a0\u00bbRGBA(255,255,255,0)\u00a0\u00bb global_colors_info=\u00a0\u00bb{}\u00a0\u00bb]<\/p>\n<h4>C\u00e9cile LEGRAIS<\/h4>\n<p>Bilan et r\u00e9\u00e9ducation de la voix et de la d\u00e9glutition<\/p>\n<p>Apprentissage de la Voix trach\u00e9o-\u0153sophagienne et oro-\u0153sophagienne<\/p>\n<p>Bilan et r\u00e9\u00e9ducation des paralysies faciales p\u00e9riph\u00e9riques<\/p>\n<p>Unit\u00e9 de Consultations Externes\u00a0 UF 14-40<\/p>\n<p><a href=\"mailto:legrais-c@chu-caen.fr\">legrais-c@chu-caen.fr<\/a><\/p>\n<p>T\u00e9l.: 02.31.06.31.12<\/p>\n<p>&nbsp;<\/p>\n<p>[\/et_pb_text][\/et_pb_column][et_pb_column type=\u00a0\u00bb1_3&Prime; _builder_version=\u00a0\u00bb4.16&Prime; custom_padding=\u00a0\u00bb|||\u00a0\u00bb global_colors_info=\u00a0\u00bb{}\u00a0\u00bb custom_padding__hover=\u00a0\u00bb|||\u00a0\u00bb][et_pb_image src=\u00a0\u00bbhttps:\/\/orl-chu-caen.fr\/wp-content\/uploads\/2024\/08\/IMG_8280_ok2-scaled.jpg\u00a0\u00bb title_text=\u00a0\u00bbIMG_8280_ok2&Prime; _builder_version=\u00a0\u00bb4.24.2&Prime; _module_preset=\u00a0\u00bbdefault\u00a0\u00bb width=\u00a0\u00bb65%\u00a0\u00bb custom_margin=\u00a0\u00bb||30px|||\u00a0\u00bb border_width_all=\u00a0\u00bb9px\u00a0\u00bb border_color_all=\u00a0\u00bb#d2d0bb\u00a0\u00bb global_colors_info=\u00a0\u00bb{}\u00a0\u00bb][\/et_pb_image][\/et_pb_column][\/et_pb_row][et_pb_row _builder_version=\u00a0\u00bb4.24.2&Prime; _module_preset=\u00a0\u00bbdefault\u00a0\u00bb global_colors_info=\u00a0\u00bb{}\u00a0\u00bb][et_pb_column type=\u00a0\u00bb4_4&Prime; _builder_version=\u00a0\u00bb4.24.2&Prime; _module_preset=\u00a0\u00bbdefault\u00a0\u00bb global_colors_info=\u00a0\u00bb{}\u00a0\u00bb][\/et_pb_column][\/et_pb_row][et_pb_row column_structure=\u00a0\u00bb2_3,1_3&Prime; admin_label=\u00a0\u00bbrow\u00a0\u00bb _builder_version=\u00a0\u00bb4.24.2&Prime; background_size=\u00a0\u00bbinitial\u00a0\u00bb background_position=\u00a0\u00bbtop_left\u00a0\u00bb background_repeat=\u00a0\u00bbrepeat\u00a0\u00bb box_shadow_style=\u00a0\u00bbpreset1&Prime; global_colors_info=\u00a0\u00bb{}\u00a0\u00bb][et_pb_column type=\u00a0\u00bb2_3&Prime; _builder_version=\u00a0\u00bb4.16&Prime; custom_padding=\u00a0\u00bb|||\u00a0\u00bb global_colors_info=\u00a0\u00bb{}\u00a0\u00bb custom_padding__hover=\u00a0\u00bb|||\u00a0\u00bb][et_pb_text admin_label=\u00a0\u00bbText\u00a0\u00bb _builder_version=\u00a0\u00bb4.24.2&Prime; background_size=\u00a0\u00bbinitial\u00a0\u00bb background_position=\u00a0\u00bbtop_left\u00a0\u00bb background_repeat=\u00a0\u00bbrepeat\u00a0\u00bb custom_padding=\u00a0\u00bb||0px|||\u00a0\u00bb border_width_all=\u00a0\u00bb12px\u00a0\u00bb border_color_all=\u00a0\u00bbRGBA(255,255,255,0)\u00a0\u00bb global_colors_info=\u00a0\u00bb{}\u00a0\u00bb]<\/p>\n<h4><\/h4>\n<h4>Christophe BLAISON<\/h4>\n<p>R\u00e9education du langage apr\u00e8s Implantation Cochl\u00e9aire<\/p>\n<p>CDOS CHU<\/p>\n<p><a href=\"mailto:blaison-c@chu-caen.fr\">blaison-c@chu-caen.fr<\/a><\/p>\n<p>T\u00e9l.: 02.31.06.59.02<\/p>\n<p>&nbsp;<\/p>\n<p>R\u00e9\u00e9ducation de la voix et de la d\u00e9glutition.<\/p>\n<p>Apprentissage de la Voix \u0153sophagienne et Trach\u00e9o-\u0153sophagienne.<\/p>\n<p>Unit\u00e9 de Consultations Externes\u00a0 UF 14-40<\/p>\n<p><a href=\"mailto:blaison-c@chu-caen.fr\">blaison-c@chu-caen.fr<\/a><\/p>\n<p>T\u00e9l.: 02.31.06.31.12<\/p>\n<p>[\/et_pb_text][\/et_pb_column][et_pb_column type=\u00a0\u00bb1_3&Prime; _builder_version=\u00a0\u00bb4.16&Prime; custom_padding=\u00a0\u00bb|||\u00a0\u00bb global_colors_info=\u00a0\u00bb{}\u00a0\u00bb custom_padding__hover=\u00a0\u00bb|||\u00a0\u00bb][et_pb_image src=\u00a0\u00bbhttps:\/\/orl-chu-caen.fr\/wp-content\/uploads\/2024\/08\/IMG_1470_ok-scaled.jpg\u00a0\u00bb title_text=\u00a0\u00bbIMG_1470_ok\u00a0\u00bb _builder_version=\u00a0\u00bb4.24.2&Prime; _module_preset=\u00a0\u00bbdefault\u00a0\u00bb width=\u00a0\u00bb65%\u00a0\u00bb border_width_all=\u00a0\u00bb9px\u00a0\u00bb border_color_all=\u00a0\u00bb#d2d0bb\u00a0\u00bb global_colors_info=\u00a0\u00bb{}\u00a0\u00bb][\/et_pb_image][\/et_pb_column][\/et_pb_row][et_pb_row _builder_version=\u00a0\u00bb4.24.2&Prime; _module_preset=\u00a0\u00bbdefault\u00a0\u00bb global_colors_info=\u00a0\u00bb{}\u00a0\u00bb][et_pb_column type=\u00a0\u00bb4_4&Prime; _builder_version=\u00a0\u00bb4.24.2&Prime; _module_preset=\u00a0\u00bbdefault\u00a0\u00bb global_colors_info=\u00a0\u00bb{}\u00a0\u00bb][\/et_pb_column][\/et_pb_row][et_pb_row column_structure=\u00a0\u00bb2_3,1_3&Prime; _builder_version=\u00a0\u00bb4.24.2&Prime; _module_preset=\u00a0\u00bbdefault\u00a0\u00bb box_shadow_style=\u00a0\u00bbpreset1&Prime; global_colors_info=\u00a0\u00bb{}\u00a0\u00bb][et_pb_column type=\u00a0\u00bb2_3&Prime; _builder_version=\u00a0\u00bb4.24.2&Prime; _module_preset=\u00a0\u00bbdefault\u00a0\u00bb global_colors_info=\u00a0\u00bb{}\u00a0\u00bb][et_pb_text _builder_version=\u00a0\u00bb4.24.2&Prime; _module_preset=\u00a0\u00bbdefault\u00a0\u00bb border_width_all=\u00a0\u00bb12px\u00a0\u00bb border_color_all=\u00a0\u00bbRGBA(255,255,255,0)\u00a0\u00bb global_colors_info=\u00a0\u00bb{}\u00a0\u00bb]<\/p>\n<h4>Christel BLAISON<\/h4>\n<p>R\u00e9education du langage chez l&rsquo;enfant sourd<\/p>\n<p>R\u00e9education du langage apr\u00e8s Implantation Cochl\u00e9aire<\/p>\n<p>CDOS CHU<\/p>\n<p><a href=\"mailto:blaison-ch@chu-caen.fr\">blaison-ch@chu-caen.fr<\/a><\/p>\n<p>T\u00e9l.: 02.31.06.59.01<\/p>\n<p>&nbsp;<\/p>\n<p>&nbsp;<\/p>\n<p>[\/et_pb_text][\/et_pb_column][et_pb_column type=\u00a0\u00bb1_3&Prime; _builder_version=\u00a0\u00bb4.24.2&Prime; _module_preset=\u00a0\u00bbdefault\u00a0\u00bb global_colors_info=\u00a0\u00bb{}\u00a0\u00bb][\/et_pb_column][\/et_pb_row][\/et_pb_section]<\/p>\n","protected":false},"excerpt":{"rendered":"<p>C\u00e9cile LEGRAIS Bilan et r\u00e9\u00e9ducation de la voix et de la d\u00e9glutition Apprentissage de la Voix trach\u00e9o-\u0153sophagienne et oro-\u0153sophagienne Bilan et r\u00e9\u00e9ducation des paralysies faciales p\u00e9riph\u00e9riques Unit\u00e9 de Consultations Externes\u00a0 UF 14-40 legrais-c@chu-caen.fr T\u00e9l.: 02.31.06.31.12 &nbsp; Christophe BLAISON R\u00e9education du langage apr\u00e8s Implantation Cochl\u00e9aire CDOS CHU blaison-c@chu-caen.fr T\u00e9l.: 02.31.06.59.02 &nbsp; R\u00e9\u00e9ducation de la voix et [&hellip;]<\/p>\n","protected":false},"author":1,"featured_media":0,"parent":245,"menu_order":0,"comment_status":"closed","ping_status":"open","template":"","meta":{"_et_pb_use_builder":"on","_et_pb_old_content":"<h4>&nbsp;<\/h4>\n<h4>C\u00e9cile LEGRAIS<a href=\"http:\/\/orl-chu-caen.fr\/?attachment_id=3279\" rel=\"attachment wp-att-3279\"><img class=\"alignright wp-image-3279 size-medium\" src=\"http:\/\/orl-chu-caen.fr\/wp-content\/uploads\/2014\/08\/IMG_8280_ok2-200x300.jpg\" alt=\"IMG_8280_ok2\" width=\"200\" height=\"300\"><\/a><\/h4>\nR\u00e9\u00e9ducation de la voix et de la d\u00e9glutition\n\nApprentissage de la Voix \u0153sophagienne et Trach\u00e9o-\u0153sophagienne\n\nR\u00e9\u00e9ducation de la face paralys\u00e9e\n\nUnit\u00e9 de Consultations Externes&nbsp; UF 14-40\n\n<a href=\"mailto:legrais-c@chu-caen.fr\">legrais-c@chu-caen.fr<\/a>\n\nT\u00e9l.: 02.31.06.67.55\n\n&nbsp;\n\n&nbsp;\n\n&nbsp;\n\n&nbsp;\n\n&nbsp;\n\n&nbsp;\n\n&nbsp;\n<h4>Christophe BLAISON<a href=\"http:\/\/orl-chu-caen.fr\/?attachment_id=3280\" rel=\"attachment wp-att-3280\"><img class=\"wp-image-3280 size-medium alignright\" src=\"http:\/\/orl-chu-caen.fr\/wp-content\/uploads\/2014\/08\/IMG_1470_ok-200x300.jpg\" alt=\"IMG_1470_ok\" width=\"200\" height=\"300\"><\/a><\/h4>\nR\u00e9\u00e9ducation de la voix et de la d\u00e9glutition.\n\nApprentissage de la Voix \u0153sophagienne et Trach\u00e9o-\u0153sophagienne.\n\nUnit\u00e9 de Consultations Externes&nbsp; UF 14-40\n\n<a href=\"mailto:blaison-c@chu-caen.fr\">blaison-c@chu-caen.fr<\/a>\n\nT\u00e9l.: 02.31.06.67.55\n\n&nbsp;\n\n&nbsp;\n\n&nbsp;\n\n&nbsp;\n<h4>Christel BLAISON<\/h4>\nR\u00e9education des trouble du langage\n\nR\u00e9education du langage apr\u00e8s Implantation Cochl\u00e9aire\n\nService de P\u00e9diatrie B, CHRU Cl\u00e9menceau\n\n<a href=\"mailto:blaison-ch@chu-caen.fr\">blaison-ch@chu-caen.fr<\/a>\n\nT\u00e9l.: 02.31.74.55.21\n\n&nbsp;","_et_gb_content_width":"","ngg_post_thumbnail":0,"footnotes":""},"aioseo_notices":[],"_links":{"self":[{"href":"https:\/\/orl-chu-caen.fr\/index.php?rest_route=\/wp\/v2\/pages\/696"}],"collection":[{"href":"https:\/\/orl-chu-caen.fr\/index.php?rest_route=\/wp\/v2\/pages"}],"about":[{"href":"https:\/\/orl-chu-caen.fr\/index.php?rest_route=\/wp\/v2\/types\/page"}],"author":[{"embeddable":true,"href":"https:\/\/orl-chu-caen.fr\/index.php?rest_route=\/wp\/v2\/users\/1"}],"replies":[{"embeddable":true,"href":"https:\/\/orl-chu-caen.fr\/index.php?rest_route=%2Fwp%2Fv2%2Fcomments&post=696"}],"version-history":[{"count":23,"href":"https:\/\/orl-chu-caen.fr\/index.php?rest_route=\/wp\/v2\/pages\/696\/revisions"}],"predecessor-version":[{"id":6234,"href":"https:\/\/orl-chu-caen.fr\/index.php?rest_route=\/wp\/v2\/pages\/696\/revisions\/6234"}],"up":[{"embeddable":true,"href":"https:\/\/orl-chu-caen.fr\/index.php?rest_route=\/wp\/v2\/pages\/245"}],"wp:attachment":[{"href":"https:\/\/orl-chu-caen.fr\/index.php?rest_route=%2Fwp%2Fv2%2Fmedia&parent=696"}],"curies":[{"name":"wp","href":"https:\/\/api.w.org\/{rel}","templated":true}]}}