{"id":42,"date":"2014-07-20T15:25:00","date_gmt":"2014-07-20T15:25:00","guid":{"rendered":"http:\/\/orl-chu-caen.fr\/?page_id=42"},"modified":"2014-09-08T11:32:09","modified_gmt":"2014-09-08T09:32:09","slug":"hospitalisation","status":"publish","type":"page","link":"https:\/\/orl-chu-caen.fr\/?page_id=42","title":{"rendered":"HOSPITALISATION"},"content":{"rendered":"<p>[heading style=\u00a0\u00bb1&Prime; size=\u00a0\u00bbMedium\u00a0\u00bb align=\u00a0\u00bbleft\u00a0\u00bb]L\u2019unit\u00e9 d\u2019hospitalisation conventionnelle (Unit\u00e9 15-10)[\/heading]<\/p>\n<p>Elle se situe au 15<sup>\u00e8me<\/sup> \u00e9tage. Elle est destin\u00e9e aux hospitalisations de longue dur\u00e9e et accueille les adultes, ainsi que les enfants ne pouvant \u00eatre hospitalis\u00e9s pour des raisons m\u00e9dicales en p\u00e9diatrie.<\/p>\n<p><span style=\"color: #ffffff;\">.<\/span><\/p>\n<p>Horaires de visites: 13h \u00e0 20h.<\/p>\n<p>Prendre des nouvelles d&rsquo;un patient hospitalis\u00e9 au 15-10: 02.31.06.46.37<\/p>\n<p><span style=\"color: #ffffff;\">.<\/span><\/p>\n<p><span style=\"color: #ffffff;\">.<\/span><\/p>\n<p>[heading style=\u00a0\u00bb1&Prime; size=\u00a0\u00bbMedium\u00a0\u00bb align=\u00a0\u00bbleft\u00a0\u00bb]L\u2019unit\u00e9 d\u2019hospitalisation de semaine (Unit\u00e9 15-20)[\/heading]<\/p>\n<p>Elle se situe au 15<sup>\u00e8me<\/sup> \u00e9tage. Elle est destin\u00e9e aux hospitalisations de courtes dur\u00e9es et accueille les adultes, ainsi que les enfants ne pouvant \u00eatre hospitalis\u00e9s pour des raisons m\u00e9dicales en p\u00e9diatrie.<\/p>\n<p><span style=\"color: #ffffff;\">.<\/span><\/p>\n<p>Horaires de visites: 13h \u00e0 20h.<\/p>\n<p>Prendre des nouvelles d&rsquo;un patient hospitalis\u00e9 au 15-20: 02.31.06.46.33<\/p>\n<p><strong><span style=\"color: #ffffff;\">.<\/span><\/strong><\/p>\n<p><span style=\"color: #ffffff;\">.<\/span><\/p>\n<p>[heading style=\u00a0\u00bb1&Prime; size=\u00a0\u00bbMedium\u00a0\u00bb align=\u00a0\u00bbleft\u00a0\u00bb]L\u2019unit\u00e9 d\u2019hospitalisation ambulatoire[\/heading]<\/p>\n<p>Elle se situe au 3\u00e8me \u00e9tage du FEH (P\u00f4le Femme-Enfant-H\u00e9matologie). Elle est destin\u00e9e aux hospitalisations de chirurgie ambulatoire et accueille les adultes et les enfants.<\/p>\n<p><span style=\"color: #ffffff;\">.<\/span><\/p>\n<p>Horaires de visites: 13h \u00e0 20h.<\/p>\n<p>&nbsp;<\/p>\n<p>&nbsp;<\/p>\n<p>&nbsp;<\/p>\n<h2><a href=\"https:\/\/orl-chu-caen.fr\/?page_id=1107\">Pr\u00e9parer votre hospitalisation&#8230;.<\/a><\/h2>\n","protected":false},"excerpt":{"rendered":"<p>[heading style=\u00a0\u00bb1&Prime; size=\u00a0\u00bbMedium\u00a0\u00bb align=\u00a0\u00bbleft\u00a0\u00bb]L\u2019unit\u00e9 d\u2019hospitalisation conventionnelle (Unit\u00e9 15-10)[\/heading] Elle se situe au 15\u00e8me \u00e9tage. Elle est destin\u00e9e aux hospitalisations de longue dur\u00e9e et accueille les adultes, ainsi que les enfants ne pouvant \u00eatre hospitalis\u00e9s pour des raisons m\u00e9dicales en p\u00e9diatrie. . Horaires de visites: 13h \u00e0 20h. Prendre des nouvelles d&rsquo;un patient hospitalis\u00e9 au 15-10: [&hellip;]<\/p>\n","protected":false},"author":1,"featured_media":0,"parent":30,"menu_order":0,"comment_status":"closed","ping_status":"open","template":"","meta":{"_et_pb_use_builder":"","_et_pb_old_content":"","_et_gb_content_width":"","ngg_post_thumbnail":0,"footnotes":""},"aioseo_notices":[],"_links":{"self":[{"href":"https:\/\/orl-chu-caen.fr\/index.php?rest_route=\/wp\/v2\/pages\/42"}],"collection":[{"href":"https:\/\/orl-chu-caen.fr\/index.php?rest_route=\/wp\/v2\/pages"}],"about":[{"href":"https:\/\/orl-chu-caen.fr\/index.php?rest_route=\/wp\/v2\/types\/page"}],"author":[{"embeddable":true,"href":"https:\/\/orl-chu-caen.fr\/index.php?rest_route=\/wp\/v2\/users\/1"}],"replies":[{"embeddable":true,"href":"https:\/\/orl-chu-caen.fr\/index.php?rest_route=%2Fwp%2Fv2%2Fcomments&post=42"}],"version-history":[{"count":18,"href":"https:\/\/orl-chu-caen.fr\/index.php?rest_route=\/wp\/v2\/pages\/42\/revisions"}],"predecessor-version":[{"id":1259,"href":"https:\/\/orl-chu-caen.fr\/index.php?rest_route=\/wp\/v2\/pages\/42\/revisions\/1259"}],"up":[{"embeddable":true,"href":"https:\/\/orl-chu-caen.fr\/index.php?rest_route=\/wp\/v2\/pages\/30"}],"wp:attachment":[{"href":"https:\/\/orl-chu-caen.fr\/index.php?rest_route=%2Fwp%2Fv2%2Fmedia&parent=42"}],"curies":[{"name":"wp","href":"https:\/\/api.w.org\/{rel}","templated":true}]}}