{"id":40,"date":"2014-07-20T15:13:58","date_gmt":"2014-07-20T13:13:58","guid":{"rendered":"http:\/\/orl-chu-caen.fr\/?page_id=40"},"modified":"2024-08-24T20:54:27","modified_gmt":"2024-08-24T18:54:27","slug":"contact","status":"publish","type":"page","link":"https:\/\/orl-chu-caen.fr\/?page_id=40","title":{"rendered":"CONTACT"},"content":{"rendered":"<p>[et_pb_section fb_built=\u00a0\u00bb1&Prime; _builder_version=\u00a0\u00bb4.16&Prime; global_colors_info=\u00a0\u00bb{}\u00a0\u00bb][et_pb_row _builder_version=\u00a0\u00bb4.16&Prime; background_size=\u00a0\u00bbinitial\u00a0\u00bb background_position=\u00a0\u00bbtop_left\u00a0\u00bb background_repeat=\u00a0\u00bbrepeat\u00a0\u00bb global_colors_info=\u00a0\u00bb{}\u00a0\u00bb][et_pb_column type=\u00a0\u00bb4_4&Prime; _builder_version=\u00a0\u00bb4.16&Prime; custom_padding=\u00a0\u00bb|||\u00a0\u00bb global_colors_info=\u00a0\u00bb{}\u00a0\u00bb custom_padding__hover=\u00a0\u00bb|||\u00a0\u00bb][et_pb_text _builder_version=\u00a0\u00bb4.16&Prime; background_size=\u00a0\u00bbinitial\u00a0\u00bb background_position=\u00a0\u00bbtop_left\u00a0\u00bb background_repeat=\u00a0\u00bbrepeat\u00a0\u00bb global_colors_info=\u00a0\u00bb{}\u00a0\u00bb]<\/p>\n<h2 style=\"margin-left: 40px;\">Coordonn\u00e9es du Service<\/h2>\n<p>&nbsp;<\/p>\n<p style=\"margin-left: 40px;\">Service d&rsquo;ORL et de Chirurgie Cervico-Faciale<\/p>\n<p style=\"margin-left: 40px;\">CHU de Caen<\/p>\n<p style=\"margin-left: 40px;\">Avenue de la c\u00f4te de nacre<\/p>\n<p style=\"margin-left: 40px;\">14033 Caen Cedex 9<\/p>\n<p style=\"margin-left: 40px;\">02.31.06.46.40<\/p>\n<p style=\"margin-left: 40px;\">orl-sec-consult@chu-caen.fr\u00a0<\/p>\n<p style=\"margin-left: 40px;\">\n<p>[\/et_pb_text][\/et_pb_column][\/et_pb_row][\/et_pb_section]<\/p>\n","protected":false},"excerpt":{"rendered":"<p>Coordonn\u00e9es du Service &nbsp; Service d&rsquo;ORL et de Chirurgie Cervico-Faciale CHU de Caen Avenue de la c\u00f4te de nacre 14033 Caen Cedex 9 02.31.06.46.40 orl-sec-consult@chu-caen.fr\u00a0<\/p>\n","protected":false},"author":1,"featured_media":0,"parent":0,"menu_order":6,"comment_status":"closed","ping_status":"closed","template":"","meta":{"_et_pb_use_builder":"on","_et_pb_old_content":"<h2 style=\"margin-left: 40px;\">Coordonn\u00e9es du Service<\/h2>\n&nbsp;\n<p style=\"margin-left: 40px;\">Service d'ORL et de Chirurgie Cervico-Faciale<\/p>\n<p style=\"margin-left: 40px;\">CHU de Caen<\/p>\n<p style=\"margin-left: 40px;\">Avenue de la c\u00f4te de nacre<\/p>\n<p style=\"margin-left: 40px;\">14033 Caen Cedex 9<\/p>\n<p style=\"margin-left: 40px;\">02.31.06.46.40<\/p>\n<p style=\"margin-left: 40px;\">orl-sec-consult@chu-caen.fr<\/p>\n<p style=\"margin-left: 40px;\"><span style=\"color: #ffffff;\">.<\/span><\/p>\n<p style=\"margin-left: 40px;\">[gmap width=\"600\" height=\"400\" address=\"CHU DE CAEN\"]<\/p>\n<p style=\"margin-left: 40px;\"><span style=\"color: #ffffff;\">.<\/span><\/p>\n<p style=\"margin-left: 40px;\">[heading style=\"1\" size=\"Big\" align=\"left\"]Nous contacter[\/heading]<\/p>\n<p style=\"margin-left: 40px;\"><span style=\"color: #ffffff;\">.<\/span><\/p>\n<p style=\"margin-left: 40px;\"><strong>Afin de nous contacter si vous ne parvenez pas \u00e0 joindre le secr\u00e9tariat par t\u00e9l\u00e9phone, nous vous demandons de remplir le formulaire ci-dessous ou d'envoyer un mail \u00e0 orl-sec-consult@chu-caen.fr<\/strong><\/p>\n<p style=\"margin-left: 40px;\"><span style=\"color: #ffffff;\">.<\/span><\/p>\n\n<address style=\"margin-left: 40px;\">NB: Cette messagerie n'est pas un moyen d'obtenir un renseignement d'origine m\u00e9dicale.<\/address><address style=\"margin-left: 40px;\">Les messages ne sont pas lus en temps r\u00e9el.<\/address><address style=\"margin-left: 40px;\">L'adresse de Contact n'est pas une adresse s\u00e9curis\u00e9e, votre adresse mail ainsi que le contenu du message&nbsp;pourraient donc \u00eatre lus par un tiers.<\/address>\n<p style=\"margin-left: 40px;\"><span style=\"color: #ffffff;\">.<\/span><\/p>\n<p style=\"margin-left: 40px;\">[contact_form]<\/p>\n&nbsp;","_et_gb_content_width":"","ngg_post_thumbnail":0,"footnotes":""},"aioseo_notices":[],"_links":{"self":[{"href":"https:\/\/orl-chu-caen.fr\/index.php?rest_route=\/wp\/v2\/pages\/40"}],"collection":[{"href":"https:\/\/orl-chu-caen.fr\/index.php?rest_route=\/wp\/v2\/pages"}],"about":[{"href":"https:\/\/orl-chu-caen.fr\/index.php?rest_route=\/wp\/v2\/types\/page"}],"author":[{"embeddable":true,"href":"https:\/\/orl-chu-caen.fr\/index.php?rest_route=\/wp\/v2\/users\/1"}],"replies":[{"embeddable":true,"href":"https:\/\/orl-chu-caen.fr\/index.php?rest_route=%2Fwp%2Fv2%2Fcomments&post=40"}],"version-history":[{"count":23,"href":"https:\/\/orl-chu-caen.fr\/index.php?rest_route=\/wp\/v2\/pages\/40\/revisions"}],"predecessor-version":[{"id":6308,"href":"https:\/\/orl-chu-caen.fr\/index.php?rest_route=\/wp\/v2\/pages\/40\/revisions\/6308"}],"wp:attachment":[{"href":"https:\/\/orl-chu-caen.fr\/index.php?rest_route=%2Fwp%2Fv2%2Fmedia&parent=40"}],"curies":[{"name":"wp","href":"https:\/\/api.w.org\/{rel}","templated":true}]}}