{"id":3170,"date":"2020-04-16T22:28:54","date_gmt":"2020-04-16T20:28:54","guid":{"rendered":"http:\/\/orl-chu-caen.fr\/?page_id=3170"},"modified":"2021-09-10T11:45:24","modified_gmt":"2021-09-10T09:45:24","slug":"impression-3d","status":"publish","type":"page","link":"https:\/\/orl-chu-caen.fr\/?page_id=3170","title":{"rendered":"IMPRESSION 3D DE ROCHERS A FRAISER"},"content":{"rendered":"\n<div class=\"ngg-galleryoverview ngg-slideshow\"\n\tid=\"ngg-slideshow-46bf60c24c34c3e45670563e166de63d-10238234890\"\n\tdata-gallery-id=\"46bf60c24c34c3e45670563e166de63d\"\n\tstyle=\"max-width: 1400px;\n\t\t\tmax-height: 400px;\n\t\t\tdisplay: none;\">\n\n\t\n\t\t<a href=\"https:\/\/orl-chu-caen.fr\/wp-content\/gallery\/3d-manu\/segmentation-3d%C3%A9.gif\"\n\t\t\ttitle=\"\"\n\t\t\tdata-src=\"https:\/\/orl-chu-caen.fr\/wp-content\/gallery\/3d-manu\/segmentation-3d%C3%A9.gif\"\n\t\t\tdata-thumbnail=\"https:\/\/orl-chu-caen.fr\/wp-content\/gallery\/3d-manu\/thumbs\/thumbs_segmentation-3d%C3%A9.gif\"\n\t\t\tdata-image-id=\"162\"\n\t\t\tdata-title=\"segmentation 3d\u00e9\"\n\t\t\tdata-description=\"\"\n\t\t\tclass=\"ngg-fancybox\" rel=\"46bf60c24c34c3e45670563e166de63d\">\n\n\t\t\t<img data-image-id='162'\n\t\t\t\ttitle=\"\"\n\t\t\t\talt=\"segmentation 3d\u00e9\"\n\t\t\t\tsrc=\"https:\/\/orl-chu-caen.fr\/wp-content\/gallery\/3d-manu\/segmentation-3d%C3%A9.gif\"\n\t\t\t\tstyle=\"max-height: 380px;\"\/>\n\t\t<\/a>\n\n\t\t\n\t\t<a href=\"https:\/\/orl-chu-caen.fr\/wp-content\/gallery\/3d-manu\/rocher-coupe-en-2%C3%A9.jpg\"\n\t\t\ttitle=\"\"\n\t\t\tdata-src=\"https:\/\/orl-chu-caen.fr\/wp-content\/gallery\/3d-manu\/rocher-coupe-en-2%C3%A9.jpg\"\n\t\t\tdata-thumbnail=\"https:\/\/orl-chu-caen.fr\/wp-content\/gallery\/3d-manu\/thumbs\/thumbs_rocher-coupe-en-2%C3%A9.jpg\"\n\t\t\tdata-image-id=\"163\"\n\t\t\tdata-title=\"rocher coupe en 2\u00e9\"\n\t\t\tdata-description=\"\"\n\t\t\tclass=\"ngg-fancybox\" rel=\"46bf60c24c34c3e45670563e166de63d\">\n\n\t\t\t<img data-image-id='163'\n\t\t\t\ttitle=\"\"\n\t\t\t\talt=\"rocher coupe en 2\u00e9\"\n\t\t\t\tsrc=\"https:\/\/orl-chu-caen.fr\/wp-content\/gallery\/3d-manu\/rocher-coupe-en-2%C3%A9.jpg\"\n\t\t\t\tstyle=\"max-height: 380px;\"\/>\n\t\t<\/a>\n\n\t\t\n\t\t<a href=\"https:\/\/orl-chu-caen.fr\/wp-content\/gallery\/3d-manu\/TYMPA-POUR-ROCHER-3D2.jpg\"\n\t\t\ttitle=\"\"\n\t\t\tdata-src=\"https:\/\/orl-chu-caen.fr\/wp-content\/gallery\/3d-manu\/TYMPA-POUR-ROCHER-3D2.jpg\"\n\t\t\tdata-thumbnail=\"https:\/\/orl-chu-caen.fr\/wp-content\/gallery\/3d-manu\/thumbs\/thumbs_TYMPA-POUR-ROCHER-3D2.jpg\"\n\t\t\tdata-image-id=\"159\"\n\t\t\tdata-title=\"TYMPA POUR ROCHER 3D2\"\n\t\t\tdata-description=\"\"\n\t\t\tclass=\"ngg-fancybox\" rel=\"46bf60c24c34c3e45670563e166de63d\">\n\n\t\t\t<img data-image-id='159'\n\t\t\t\ttitle=\"\"\n\t\t\t\talt=\"TYMPA POUR ROCHER 3D2\"\n\t\t\t\tsrc=\"https:\/\/orl-chu-caen.fr\/wp-content\/gallery\/3d-manu\/TYMPA-POUR-ROCHER-3D2.jpg\"\n\t\t\t\tstyle=\"max-height: 380px;\"\/>\n\t\t<\/a>\n\n\t\t\n\t\t<a href=\"https:\/\/orl-chu-caen.fr\/wp-content\/gallery\/3d-manu\/ROCHER-3D2.jpg\"\n\t\t\ttitle=\"\"\n\t\t\tdata-src=\"https:\/\/orl-chu-caen.fr\/wp-content\/gallery\/3d-manu\/ROCHER-3D2.jpg\"\n\t\t\tdata-thumbnail=\"https:\/\/orl-chu-caen.fr\/wp-content\/gallery\/3d-manu\/thumbs\/thumbs_ROCHER-3D2.jpg\"\n\t\t\tdata-image-id=\"158\"\n\t\t\tdata-title=\"ROCHER 3D2\"\n\t\t\tdata-description=\"\"\n\t\t\tclass=\"ngg-fancybox\" rel=\"46bf60c24c34c3e45670563e166de63d\">\n\n\t\t\t<img data-image-id='158'\n\t\t\t\ttitle=\"\"\n\t\t\t\talt=\"ROCHER 3D2\"\n\t\t\t\tsrc=\"https:\/\/orl-chu-caen.fr\/wp-content\/gallery\/3d-manu\/ROCHER-3D2.jpg\"\n\t\t\t\tstyle=\"max-height: 380px;\"\/>\n\t\t<\/a>\n\n\t\t<\/div>\n\n\n\n<p>&nbsp;<\/p>\n<p>&nbsp;<\/p>\n<h2><strong>ROCHER 3D A FRAISER AVEC CHOLESTEATOME<br \/>\n<\/strong><\/h2>\n<h4>Par les Dr. <a href=\"https:\/\/orl-chu-caen.fr\/?staff=dr-emmanuel-micault\">Emmanuel Micault<\/a>&nbsp; et&nbsp; <a href=\"https:\/\/orl-chu-caen.fr\/?staff=dr-martin-hitier\">Martin Hitier<\/a><\/h4>\n<h4>Service ORL-CCF, CHU de Caen et Ecole de Chirurgie, Universit\u00e9 de Normandie \u00e0 Caen<\/h4>\n<p>&nbsp;<\/p>\n<p>&nbsp;Vous pouvez r\u00e9aliser vous-m\u00eame et simplement des rochers synth\u00e9tiques en 3D \u00e0 fraiser, et cela \u00e0 moindre co\u00fbt.<\/p>\n<p>Nous estimons le prix de revient d&rsquo;un rocher \u00e0 80 euros.<\/p>\n<p>&nbsp;<\/p>\n<p>Ces liens vont vous permettre d&rsquo;imprimer et de r\u00e9aliser vous m\u00eame vos rocher 3D \u00e0 fraiser.<\/p>\n<p>Le temps pour monter votre rocher est d&rsquo;environ 30 minutes.<\/p>\n<p>&nbsp;<\/p>\n<p>&nbsp;<\/p>\n<h4>IMPRESSION 3D DU ROCHER<\/h4>\n<p>Le lien ci-dessous permet d\u2019imprimer le mod\u00e8le 3D en ligne sur la plateforme Sculpteo<\/p>\n<p><a href=\"https:\/\/www.sculpteo.com\/fr\/print\/rocher-2-6\/yyQgw2Sm?uuid=RLRLlxZZOzDdLeH5oOKNwb\">https:\/\/www.sculpteo.com\/fr\/print\/rocher-2-6\/yyQgw2Sm?uuid=RLRLlxZZOzDdLeH5oOKNwb<\/a><\/p>\n<p>Nous recommandons l\u2019impression en Polyjet, R\u00e9sine VeroWhite (prix de 70 euros avec la livraison).<\/p>\n<p><em>(NB&nbsp;: ce prix correspond au tarif de l\u2019impression par Sculpteo. Le mod\u00e8le 3D est fourni gratuitement par les auteurs)<\/em><\/p>\n<p>&nbsp;<\/p>\n<p>&nbsp;<\/p>\n<h4>COMMANDER DU SILICONE COLORE POUR LES TISSUS MOUS<\/h4>\n<p>&nbsp;<\/p>\n<h4>TELECHARGEMENTS POUR LE MONTAGE&nbsp;<\/h4>\n<p>Les dossiers \u00e0 t\u00e9l\u00e9charger sur le lien ci-dessous regroupent:<\/p>\n<ul>\n<li>le scanner pr\u00e9op\u00e9ratoire du patient et les donn\u00e9es cliniques anonymis\u00e9es<\/li>\n<li>les fichiers 3D<\/li>\n<\/ul>\n<p><a href=\"https:\/\/1drv.ms\/u\/s!AqsCqM1rV5J6h112H4pmouOsYJfJ?e=n6miO7\">https:\/\/1drv.ms\/u\/s!AqsCqM1rV5J6h112H4pmouOsYJfJ?e=n6miO7<\/a><\/p>\n<p>&nbsp;<\/p>\n<p>Toutes les am\u00e9liorations sont accept\u00e9es, tout est libre de droit,&nbsp; n\u2019h\u00e9sitez pas \u00e0 essayer et \u00e0 partager.<\/p>\n<p>&nbsp;<\/p>\n<p>Pour nous contacter en cas de besoin:<\/p>\n<p><a href=\"mailto:emmanuel.micault@gmail.com\">emmanuel.micault@gmail.com<\/a> ou <a href=\"mailto:micault-e@chu-caen.fr\">micault-e@chu-caen.fr<\/a><\/p>\n<p>&nbsp;<\/p>\n<p>Bon fraisage!<\/p>\n<p>&nbsp;<\/p>\n","protected":false},"excerpt":{"rendered":"<p>\u00a0\u00bb order_by=\u00a0\u00bbsortorder\u00a0\u00bb order_direction=\u00a0\u00bbASC\u00a0\u00bb returns=\u00a0\u00bbincluded\u00a0\u00bb maximum_entity_count=\u00a0\u00bb500&Prime;]&nbsp; &nbsp; &nbsp; ROCHER 3D A FRAISER AVEC CHOLESTEATOME Par les Dr. Emmanuel Micault&nbsp; et&nbsp; Martin Hitier Service ORL-CCF, CHU de Caen et Ecole de Chirurgie, Universit\u00e9 de Normandie \u00e0 Caen &nbsp; &nbsp;Vous pouvez r\u00e9aliser vous-m\u00eame et simplement des rochers synth\u00e9tiques en 3D \u00e0 fraiser, et cela \u00e0 moindre co\u00fbt. Nous [&hellip;]<\/p>\n","protected":false},"author":1,"featured_media":0,"parent":0,"menu_order":0,"comment_status":"closed","ping_status":"closed","template":"Template-Full-width.php","meta":{"_et_pb_use_builder":"","_et_pb_old_content":"","_et_gb_content_width":"","ngg_post_thumbnail":0,"footnotes":""},"aioseo_notices":[],"_links":{"self":[{"href":"https:\/\/orl-chu-caen.fr\/index.php?rest_route=\/wp\/v2\/pages\/3170"}],"collection":[{"href":"https:\/\/orl-chu-caen.fr\/index.php?rest_route=\/wp\/v2\/pages"}],"about":[{"href":"https:\/\/orl-chu-caen.fr\/index.php?rest_route=\/wp\/v2\/types\/page"}],"author":[{"embeddable":true,"href":"https:\/\/orl-chu-caen.fr\/index.php?rest_route=\/wp\/v2\/users\/1"}],"replies":[{"embeddable":true,"href":"https:\/\/orl-chu-caen.fr\/index.php?rest_route=%2Fwp%2Fv2%2Fcomments&post=3170"}],"version-history":[{"count":27,"href":"https:\/\/orl-chu-caen.fr\/index.php?rest_route=\/wp\/v2\/pages\/3170\/revisions"}],"predecessor-version":[{"id":3212,"href":"https:\/\/orl-chu-caen.fr\/index.php?rest_route=\/wp\/v2\/pages\/3170\/revisions\/3212"}],"wp:attachment":[{"href":"https:\/\/orl-chu-caen.fr\/index.php?rest_route=%2Fwp%2Fv2%2Fmedia&parent=3170"}],"curies":[{"name":"wp","href":"https:\/\/api.w.org\/{rel}","templated":true}]}}