{"id":1596,"date":"2015-11-20T18:01:45","date_gmt":"2015-11-20T16:01:45","guid":{"rendered":"http:\/\/orl-chu-caen.fr\/?page_id=1596"},"modified":"2016-02-25T20:37:52","modified_gmt":"2016-02-25T18:37:52","slug":"rcp","status":"publish","type":"page","link":"https:\/\/orl-chu-caen.fr\/?page_id=1596","title":{"rendered":"RCP"},"content":{"rendered":"<h1>REUNIONS DE CONCERTATION PLURIDISCIPLINAIRE (RCP)<\/h1>\n<p>&nbsp;<\/p>\n<p>&nbsp;<\/p>\n<p>Pour acc\u00e9der aux formulaires des RCP, veuillez cliquer sur ces liens:<\/p>\n<p>&nbsp;<\/p>\n<p>&nbsp;<\/p>\n<p>&nbsp;<\/p>\n<h3><span style=\"text-decoration: underline;\"><a href=\"https:\/\/www.rcp-cancer.fr\">RCP Cancer T\u00eate et Cou <\/a><\/span><\/h3>\n<p>&nbsp;<\/p>\n<p>&nbsp;<\/p>\n<h3><span style=\"text-decoration: underline;\"><a href=\"https:\/\/orl-chu-caen.fr\/wp-content\/uploads\/2015\/11\/FICHES-K-CUTANES-ET-MELANOMES.pdf\">RCP Cancers Cutan\u00e9s<\/a><\/span><\/h3>\n<p>&nbsp;<\/p>\n","protected":false},"excerpt":{"rendered":"<p>REUNIONS DE CONCERTATION PLURIDISCIPLINAIRE (RCP) &nbsp; &nbsp; Pour acc\u00e9der aux formulaires des RCP, veuillez cliquer sur ces liens: &nbsp; &nbsp; &nbsp; RCP Cancer T\u00eate et Cou &nbsp; &nbsp; RCP Cancers Cutan\u00e9s &nbsp;<\/p>\n","protected":false},"author":1,"featured_media":176,"parent":0,"menu_order":0,"comment_status":"closed","ping_status":"open","template":"","meta":{"_et_pb_use_builder":"","_et_pb_old_content":"","_et_gb_content_width":"","ngg_post_thumbnail":0,"footnotes":""},"aioseo_notices":[],"_links":{"self":[{"href":"https:\/\/orl-chu-caen.fr\/index.php?rest_route=\/wp\/v2\/pages\/1596"}],"collection":[{"href":"https:\/\/orl-chu-caen.fr\/index.php?rest_route=\/wp\/v2\/pages"}],"about":[{"href":"https:\/\/orl-chu-caen.fr\/index.php?rest_route=\/wp\/v2\/types\/page"}],"author":[{"embeddable":true,"href":"https:\/\/orl-chu-caen.fr\/index.php?rest_route=\/wp\/v2\/users\/1"}],"replies":[{"embeddable":true,"href":"https:\/\/orl-chu-caen.fr\/index.php?rest_route=%2Fwp%2Fv2%2Fcomments&post=1596"}],"version-history":[{"count":14,"href":"https:\/\/orl-chu-caen.fr\/index.php?rest_route=\/wp\/v2\/pages\/1596\/revisions"}],"predecessor-version":[{"id":1685,"href":"https:\/\/orl-chu-caen.fr\/index.php?rest_route=\/wp\/v2\/pages\/1596\/revisions\/1685"}],"wp:featuredmedia":[{"embeddable":true,"href":"https:\/\/orl-chu-caen.fr\/index.php?rest_route=\/wp\/v2\/media\/176"}],"wp:attachment":[{"href":"https:\/\/orl-chu-caen.fr\/index.php?rest_route=%2Fwp%2Fv2%2Fmedia&parent=1596"}],"curies":[{"name":"wp","href":"https:\/\/api.w.org\/{rel}","templated":true}]}}